 j be (5 + -1)*140/(-56)*(-3780)/56. Calculate the greatest common divisor of j and 108.
27
Suppose -q - m + 10 = 4*m, -5*q + m = -24. Suppose -8*c + q*c - 1495 = -2*w, c - 755 = -w. What is the highest common factor of w and 16?
16
Let o(r) = -r**3 + 26 - 19*r - 79 - 2*r - 7*r**2 + 6*r. Let h be o(-6). Calculate the highest common divisor of 1 and h.
1
Suppose 204 = -2*f + 70. Let z = f - -70. Suppose -z*n = 4*d - 0*d - 14, -2*n = -4*d + 24. What is the greatest common divisor of d and 5?
5
Let g(s) = s**2 + s + 10. Let f be g(-14). Suppose -1 = l - 9. Calculate the highest common factor of f and l.
8
Let p be 58/14 + (-14)/98. Suppose -5*r = 3*j - 57, j = -0*j + p*r + 36. What is the highest common divisor of j and 84?
12
Let h(a) = 3*a**2 - 18*a - 73. Let t be h(9). Suppose 0 = -t*n + 897 + 863. Suppose d + 7 = l + 93, 4*d - l = 350. What is the highest common factor of n and d?
44
Suppose 2 = -2*r, 5*r - 69 = -5*w + 9*r. Let l = 54 - -297. Calculate the highest common divisor of w and l.
13
Suppose 23*c = -211*c + 136656. Calculate the greatest common factor of c and 10.
2
Suppose -5*o - 3*w + 2796 + 5670 = 0, 3*o + 4*w = 5084. Calculate the highest common divisor of o and 72.
36
Suppose -267 = 4*q - 295. Suppose 0 = q*n - 227 - 53. What is the greatest common divisor of 20 and n?
20
Suppose 60 = -5*w + 95. Let y = 1 - -41. Calculate the highest common factor of w and y.
7
Let u(k) = k**3 - 27*k**2 + 70*k + 45. Let j be u(24). Let b be (-78)/(-8) - (j - -13)/(-40). Calculate the highest common divisor of b and 190.
10
Suppose 0 = -9718*q + 9691*q + 3078. What is the greatest common factor of q and 60?
6
Suppose 0 = -50*i - 9*i - 117*i + 438240. Calculate the highest common divisor of i and 45.
15
Suppose -3*w - 189*b + 4199 = -191*b, 0 = -3*w + 3*b + 4194. Calculate the highest common factor of 23 and w.
23
Let v be 54/297 + 16056/22. Suppose -2*i = -4*i + 20. Calculate the highest common divisor of i and v.
10
Let p(n) = 174*n + 18. Let h be p(4). Let z = 1082 - h. What is the greatest common divisor of z and 23?
23
Let r = -203 - -1035. What is the highest common factor of 312 and r?
104
Let b be (-31)/((-682)/(-22)) - (1 - 9542). What is the highest common divisor of 90 and b?
90
Suppose -476*w + 547*w + 57150 - 6062 = 483*w. Suppose 4*h - 2*h = 40. What is the greatest common divisor of h and w?
4
Suppose 8*z = 14*z + v - 30833, 15422 = 3*z - 5*v. Calculate the greatest common divisor of z and 9.
9
Let o(v) = v**3 + 8*v**2 - 5*v - 42. Let q be o(-7). Suppose -18*x + 14*x - 420 = 0. Let r = -42 - x. What is the greatest common factor of q and r?
21
Suppose -5*z + y + 28 = 0, 7*z - 2*z - 3*y = 34. Let j = -37 + 58. Suppose 0 = v - j + z. What is the greatest common divisor of 48 and v?
16
Suppose -317*w - 3*h = -318*w + 1800, -2*h + 3664 = 2*w. What is the highest common divisor of w and 256?
32
Let d be 1728/(-45)*(-65)/2. Calculate the greatest common divisor of 12 and d.
12
Let b(m) = m - 13. Let x be b(13). Let y be x - 3 - (-4 - -1). Suppose y = -4*n + 32. Calculate the greatest common divisor of 4 and n.
4
Let k be 104 - (-1*1 + 0). Suppose -547*w = -531*w. Suppose w = 8*a - 142 + 22. Calculate the greatest common divisor of a and k.
15
Let g = -3938 + 4147. Calculate the greatest common factor of g and 495.
11
Let d(u) = 2*u**2 - 55*u - 26. Let y be d(28). Suppose -16 = -2*i - y. Let j be i + (-5)/((-5)/(-2)). Calculate the highest common divisor of 10 and j.
5
Suppose -158 = 5*g - 3*g. Let p be (1 + -1 + (2 - 369))/(-1). Let o = p + g. Calculate the greatest common divisor of o and 32.
32
Suppose 2*y - 262 = -274. Let t be y/(-1) + 1 + -2. Suppose 5*h + 5*k - k = 167, 0 = -h + 2*k + 39. What is the highest common factor of h and t?
5
Let p = 10127 - 10067. What is the greatest common divisor of p and 12120?
60
Suppose 115*y + 3*h = 120*y - 104, -2*h = 6. Let u(f) = -3*f - 4. Let n be u(-5). Let j = y + n. What is the greatest common factor of j and 45?
15
Let c(n) = -57*n**3 - n**2 - 3*n - 3. Let x be c(-1). Suppose 16*t - 1879 = -535. Calculate the highest common divisor of x and t.
28
Let l(f) = 2*f**3 + 2*f**2 - 13*f - 9. Let w be l(3). Calculate the highest common factor of w and 219.
3
Let j = 29 - 7. Let v(k) = k**3 - 79*k**2 - 88*k + 706. Let i be v(80). What is the highest common divisor of j and i?
22
Let v = -12166 - -12205. Calculate the greatest common divisor of 159 and v.
3
Let o = -485 + 500. Let t be (-6)/((-18)/o) + 99. What is the highest common divisor of t and 4?
4
Let s be 5 + -4 + (4 - 1) - -3. Let q be -7 + 1514/3 + 10/(-15). What is the greatest common factor of q and s?
7
Suppose 0 = -x + q + 577, 4*x - 2*q = 606 + 1712. Suppose x = -11*g + 1374. What is the greatest common factor of g and 27?
9
Let j = 7997 - -3560. What is the greatest common divisor of j and 91?
91
Let p(b) = 5*b**2 - 13*b - 18. Let q be p(-5). Suppose -18*y + q + 26 = 0. Let g be 606/54 + (-6)/27. What is the highest common divisor of g and y?
11
Let a be 9/(135/(-4340)) - (-1)/3. Let m = -279 - a. What is the greatest common factor of m and 10?
10
Suppose 2*c - 5*s = c + 386, -1988 = -5*c - 4*s. Suppose 4*u + 2*i = 88, -4*i = 4*u + 763 - 851. What is the greatest common divisor of c and u?
22
Let m(y) = y**2 + 40*y + 501. Let w be m(-23). What is the highest common factor of 45 and w?
5
Let r = 203 - 201. Let q be 9 + 357 - (-7 + r). What is the highest common divisor of q and 106?
53
Let i = 49 - 33. Suppose -19*j + 6 = -i*j. Suppose -32 = -14*m - 4. What is the greatest common factor of m and j?
2
Suppose 379036 = -271*r + 1371814 + 211546. What is the highest common divisor of r and 176?
44
Let i(x) = x + 79. Suppose -6*f + 4*f = 3*k - 57, 0 = -2*k - f + 39. Let m be i(k). What is the greatest common divisor of m and 500?
100
Let i = -29 + 2. Let p = i + 27. Suppose 140 = 4*r - n, -7*n + 3*n + 16 = p. What is the greatest common factor of r and 108?
36
Let s(r) = -2*r**3 + 208*r**2 + 3*r - 192. Let y be s(104). What is the highest common divisor of y and 1860?
60
Suppose 68*r - 38*r = 4080. What is the greatest common divisor of r and 867?
17
Let d be (-3177)/(-81) - 4/18. Suppose 132 = d*x - 33*x. Calculate the highest common factor of x and 154.
22
Suppose -3*u + 3*s + 512 = 308, 3*u - 197 = 4*s. Calculate the greatest common divisor of 4785 and u.
15
Let x be ((-1)/1)/(3/(-6)). Let p be (((-6)/(-1))/x)/1. Let j be (4/(-8))/(1/(-4)). What is the greatest common divisor of p and j?
1
Let q(a) = a**3 + 6*a**2 + 4*a + 9. Let h be q(-5). Let t(s) = -10*s + 1. Let k be t(1). Let z = h + k. What is the greatest common factor of z and 50?
5
Suppose f = -4*t - 6, 1 - 39 = -2*f + 2*t. Let z be (4 + (-63)/f)*11*-4. Let j be (-17)/1*-2 - 1. What is the highest common factor of z and j?
11
Let z(d) = 4*d**2 - 23*d - 25. Let f be ((-30)/8 + 2)/((-50)/200). Let q be z(f). Suppose 0*m = -3*m + 6. What is the highest common divisor of m and q?
2
Let k = 8638 - 8575. Suppose -45 = -j - 4*j. What is the greatest common factor of k and j?
9
Suppose 29*x - 47620 = -7194. Calculate the highest common factor of 68 and x.
34
Suppose -31*l + 76*l = 536310. Calculate the highest common factor of l and 118.
118
Let l = 733 - 729. Suppose -3*g + 41 = -706. Suppose g = 5*s + 29. Calculate the greatest common divisor of s and l.
4
Suppose 10*n - 28 = 6*n. Suppose 4*s + 0*b + 7 = b, 5*s - 3*b + n = 0. Let i be (-2 - s)/2 - 966/(-7). What is the highest common factor of i and 46?
46
Let j = 186 + -177. Let n be (-5)/(-4)*(4 + (9 - j)). Suppose 0 = v - 1 - 0. What is the greatest common divisor of v and n?
1
Suppose 86660*n - 86652*n = 168. Let v be (-25)/2 + (-1)/2. Let w = v + 20. What is the greatest common factor of n and w?
7
Suppose 4*v - 275 = -51. Let g = 33 - 15. Suppose -52 = -5*b + g. Calculate the greatest common divisor of b and v.
14
Suppose -17 = -2*l - 191. Let u = -31 - l. Let p be 138/17 + (-10)/85. Calculate the highest common factor of u and p.
8
Let a = -130 - -181. Suppose -5*f - 3*t - a = -836, -795 = -5*f - 5*t. What is the highest common factor of f and 14?
14
Let b = 33042 - 33027. Suppose -4*n + 40 = 4*a, -3 = 5*a - 4*n - 8. Calculate the highest common factor of a and b.
5
Let y be 23 - (2 - (-1 - -4)). Suppose -5108 = -4*m + m